e
Is 360358 prime?
False
Is 80174 composite?
True
Is 13561 prime?
False
Is 2503 composite?
False
Is 6197 a prime number?
True
Is 10823 prime?
False
Is 47999 a prime number?
False
Is 10559 a prime number?
True
Is 677371 composite?
False
Is 2754047 composite?
False
Is 17377 a composite number?
False
Is 71727 prime?
False
Is 2999 prime?
True
Is 2371 composite?
False
Is 3503831 composite?
False
Is 338959 prime?
True
Is 23189 a prime number?
True
Is 350869 prime?
True
Is 6598 prime?
False
Is 10289 prime?
True
Is 2952721 prime?
True
Is 202409 a composite number?
False
Is 149503 prime?
True
Is 5501 a prime number?
True
Is 1417 a prime number?
False
Is 83155 a composite number?
True
Is 2897 a prime number?
True
Is 108233 prime?
True
Is 701 a prime number?
True
Is 3155527 composite?
True
Is 1127333 a composite number?
False
Is 44293 prime?
True
Is 2503 prime?
True
Is 62189 a prime number?
True
Is 4729 prime?
True
Is 1117 a prime number?
True
Is 219907 a composite number?
True
Is 5471 prime?
True
Is 21953 a prime number?
False
Is 561391 a prime number?
False
Is 2991 a composite number?
True
Is 657113 a prime number?
True
Is 278 a composite number?
True
Is 26461 a composite number?
True
Is 152335 prime?
False
Is 64199 prime?
False
Is 42043 a composite number?
False
Is 132299 composite?
False
Is 4441 a prime number?
True
Is 57149 a composite number?
False
Is 7039 prime?
True
Is 127 a prime number?
True
Is 1821481 a composite number?
False
Is 3403 composite?
True
Is 446003 composite?
False
Is 49103 a composite number?
False
Is 629 composite?
True
Is 30867 a prime number?
False
Is 4096891 composite?
False
Is 1497359 a composite number?
False
Is 14173 prime?
True
Is 26917 composite?
True
Is 732443 prime?
False
Is 87097 a composite number?
True
Is 14923 a prime number?
True
Is 3755 a composite number?
True
Is 14369 a composite number?
False
Is 291529 a prime number?
False
Is 113891 a composite number?
False
Is 370813 a composite number?
False
Is 1159 composite?
True
Is 361663 a composite number?
False
Is 93827 a prime number?
True
Is 661361 composite?
False
Is 633449 prime?
True
Is 759189 a prime number?
False
Is 212673 composite?
True
Is 50665 a composite number?
True
Is 782297 a prime number?
True
Is 11777 a composite number?
False
Is 694531 prime?
False
Is 16843 a composite number?
False
Is 6287 prime?
True
Is 629 prime?
False
Is 185099 prime?
True
Is 31469 composite?
False
Is 424753 a composite number?
True
Is 2491243 a composite number?
False
Is 494281 composite?
False
Is 1443941 a prime number?
True
Is 52147 composite?
False
Is 311 composite?
False
Is 307 prime?
True
Is 24809 a composite number?
False
Is 73751 prime?
True
Is 74687 a prime number?
True
Is 6347 a composite number?
True
Is 314961 a prime number?
False
Is 35729 composite?
False
Is 1282 a prime number?
False
Is 10453 composite?
False
Is 2081 a composite number?
False
Is 8318 a prime number?
False
Is 7633 prime?
False
Is 4645 a composite number?
True
Is 162753 a prime number?
False
Is 199 composite?
False
Is 11099 a composite number?
True
Is 667 a prime number?
False
Is 178289 a prime number?
True
Is 4313 a prime number?
False
Is 4931 a composite number?
False
Is 4322 a prime number?
False
Is 1442573 a composite number?
True
Is 11521 a prime number?
False
Is 631 a prime number?
True
Is 883621 prime?
True
Is 12781 composite?
False
Is 928901 composite?
True
Is 1907 composite?
False
Is 167921 a prime number?
False
Is 791683 a composite number?
True
Is 7417 a composite number?
False
Is 15643 a prime number?
True
Is 907 a prime number?
True
Is 236807 prime?
True
Is 2654087 composite?
True
Is 1361 composite?
False
Is 19443 a prime number?
False
Is 6899 prime?
True
Is 1361 composite?
False
Is 89617 a composite number?
True
Is 56113 prime?
True
Is 1827467 prime?
False
Is 135887 prime?
True
Is 1521803 composite?
False
Is 17369 a prime number?
False
Is 355909 a composite number?
False
Is 6959 prime?
True
Is 1223 a composite number?
False
Is 9967 a composite number?
False
Is 1307141 composite?
True
Is 2805909 a prime number?
False
Is 107441 composite?
False
Is 42859 a prime number?
True
Is 289 a prime number?
False
Is 10081 prime?
False
Is 88589 a composite number?
False
Is 95533 composite?
True
Is 16097 a composite number?
False
Is 43349 prime?
False
Is 29959 a prime number?
True
Is 68467 a prime number?
False
Is 263777 a prime number?
False
Is 298063 a composite number?
False
Is 66041 prime?
True
Is 1486 composite?
True
Is 912277 a composite number?
True
Is 17567 a composite number?
True
Is 21817 prime?
True
Is 48301 composite?
True
Is 39749 a composite number?
False
Is 302119 prime?
False
Is 35023 prime?
True
Is 695999 prime?
True
Is 16403 prime?
False
Is 15557 a composite number?
True
Is 62047 composite?
False
Is 9613 prime?
True
Is 19207 a prime number?
True
Is 78521 a composite number?
True
Is 13537 prime?
True
Is 1093517 a prime number?
True
Is 5806 prime?
False
Is 3317 a composite number?
True
Is 814049 a prime number?
True
Is 2929 a prime number?
False
Is 76283 composite?
False
Is 38523 a composite number?
True
Is 211859 composite?
False
Is 99669 a composite number?
True
Is 33081 prime?
False
Is 56983 a prime number?
True
Is 4101 a prime number?
False
Is 1691731 composite?
True
Is 301 a composite number?
True
Is 7033 a prime number?
False
Is 143387 composite?
False
Is 1703557 composite?
False
Is 535063 composite?
True
Is 59803 a composite number?
True
Is 440009 prime?
True
Is 167381 prime?
True
Is 280591 a prime number?
True
Is 15313 a prime number?
True
Is 869 a prime number?
False
Is 12359 a prime number?
False
Is 10193 composite?
False
Is 4299467 composite?
False
Is 795427 a prime number?
True
Is 4393 a composite number?
True
Is 110321 composite?
False
Is 5961 composite?
True
Is 19529 prime?
False
Is 14851 prime?
True
Is 2640683 prime?
True
Is 13147 prime?
True
Is 198689 composite?
False
Is 30817 a composite number?
False
Is 20785 a prime number?
False
Is 2357335 a composite number?
True
Is 105491 prime?
True
Is 16567 a prime number?
True
Is 6557 composite?
True
Is 6247 prime?
True
Is 263167 prime?
True
Is 350347 a composite number?
False
Is 7732727 prime?
True
Is 29473 prime?
True
Is 1823 a composite number?
False
Is 556373 composite?
False
Is 756739 a prime number?
True
Is 85 a prime number?
False
Is 21421 a prime number?
False
Is 211 composite?
False
Is 2880835 a prime number?
False
Is 106907 a composite number?
False
Is 13229 a prime number?
True
Is 15161 composite?
False
Is 12097 composite?
False
Is 23789 composite?
False
Is 3293 composite?
True
Is 65327 prime?
True
Is 59129 composite?
True
Is 275818 a prime number?
False
Is 155843 a prime number?
False
Is 462535 a composite number?
True
Is 204403 a composite number?
True
Is 1970315 prime?
False
Is 792443 a composite number?
False
Is 29038 a prime number?
False
Is 88771 a prime number?
True
Is 1112369 prime?
True
Is 10577 composite?
True
Is 269513 a composite number?
False
Is 1682383 composite?
False
Is 18119 composite?
False
Is 251 a prime number?
True
Is 849 composite?
True
Is 12913 a composite number?
True
Is 16413 prime?
False
Is 17647 prime?
False
Is 28463 composite?
False
Is 18859 a composite number?
False
Is 1759 composite?
False
Is 19033 prime?
False
Is 1259977 a prime number?
True
Is 51187 a prime number?
False
Is 69295 prime?
False
Is 133139 a prime number?
False
Is 114491 prime?
False
Is 367 composite?
False
Is 15871 a prime number?
False
Is 56261 a composite number?
True
Is 27137 a prime number?
False
Is 65389 a composite number?
True
Is 7433 a prime number?
True
Is 1139561 a prime number?
False
Is 472009 composite?
True
Is 75079 composite?
False
Is 2462 a prime number?
False
Is 29239 prime?
False
Is 320923 prime?
True
Is 1249 composite?
False
Is 29353 a composite number?
True
Is 82339 a prime number?
True
Is 15311 a composite number?
True
Is 20437 a composite number?
True
Is 2099 a composite number?
False
Is 8369 prime?
True
Is 245711 composite?
False
Is 26131 composite?
True
Is 4337 a prime number?
True
Is 70871 a composite number?
True
Is 156019 composite?
False
Is 492827 a composite number?
True
Is 52463 composite?
True
Is 102205 composite?
True
Is 5387 a composite number?
False
Is 263369 prime?
True
Is 195043 prime